-16)/(-3))/(-16) - 624/(-9). Let z(q) = 2*q**3 - 11*q**2 - 4*q - 12. Let d be z(8). Calculate the highest common divisor of f and d.
69
Let m = 14331 - 12806. What is the highest common divisor of m and 2745?
305
Let c be 0 - 0 - (14 - 17). Suppose 7*p - 4*z - c = 4*p, 0 = z. What is the greatest common divisor of p and 25?
1
Suppose 0*n = 139*n - 4337356. Calculate the greatest common factor of 116 and n.
116
Suppose 0 = 3*z + q - 341, 79 + 155 = 2*z + 4*q. Suppose -z = 3*r - 137. Calculate the highest common divisor of r and 8.
8
Let k = 8414 + -8374. What is the greatest common divisor of 155 and k?
5
Let q be (3 + (-35)/(-7))/(7/140). What is the highest common divisor of q and 320?
160
Let b(g) = -2*g**2 - 64*g + 426. Let h be b(-35). What is the greatest common divisor of 27 and h?
27
Suppose -t + 1264 = 3*s, s - 375 = -3*t + 57. Calculate the greatest common factor of 4368 and s.
84
Let l = 385 - 634. Let w = l - -307. What is the highest common divisor of w and 174?
58
Let f(t) = -451*t - 214. Let n be f(-1). What is the greatest common factor of n and 1106?
79
Let v = 163 - 162. Let t be ((-3)/(9/(-84)))/(v + 1). Calculate the greatest common factor of 63 and t.
7
Suppose 2893 - 409 = 18*i. Calculate the greatest common factor of 184 and i.
46
Let q be ((-238)/(-68) - -13)/((-9)/(-6)). Let x = 13 + -8. What is the greatest common factor of q and x?
1
Let k = 327 + -57. Let p = 145 - 115. What is the highest common divisor of p and k?
30
Suppose 0 = 3*g + 2*p + 129 + 30, -4*g - 2*p - 214 = 0. Let b = -7 - g. Calculate the greatest common divisor of b and 6.
6
Suppose -1763 - 1917 = -8*s. What is the greatest common factor of 200 and s?
20
Suppose -5*f - 37 + 11 = -2*r, 3*f = -2*r - 6. Let o be 6*9/(-108) - 514/f. What is the highest common divisor of 96 and o?
32
Let s be 29*-4*(-10)/4. Let g(w) be the first derivative of w**3/3 - 31*w**2/2 + 137*w - 174. Let o be g(27). What is the greatest common divisor of s and o?
29
Suppose 828 = 7*u - 3*u. Let z = -20 + u. Suppose 2*a + 2*n - 24 = 0, 3*a + 2*n - 31 = -2*n. What is the highest common factor of a and z?
17
Let p be (1 + -4)/((-5)/120). Let u be ((-13)/(-26))/((-3)/(-36)). What is the greatest common divisor of p and u?
6
Let i be ((63/(-12))/(-7))/(6/1008). Let q be -4*(i/(-8))/(-9). Let j(c) = 5*c + 39. Let z be j(q). Calculate the highest common factor of 10 and z.
2
Let d(r) = r**2 + 7*r - 6. Let f be d(1). Suppose 0 = -p - f, 3*c = 2*p + 17 + 356. Suppose -2*v = 3*v - 410. Calculate the greatest common divisor of c and v.
41
Suppose -4*f - 14 = c, 5*f + 16 = -0*c - 2*c. Let p be (f/8 + 0)*-62. Calculate the greatest common divisor of 217 and p.
31
Suppose 10*i + 3024 = 31*i. Calculate the highest common factor of i and 156.
12
Let g be ((-1)/(-2))/((-4)/(-8))*0. Let s be (-99)/(-11)*(3 - g). Calculate the greatest common factor of 189 and s.
27
Let o be ((-6)/4)/(117/(-4290)). Suppose 10 = 2*s, 4*l + 9*s = 6*s + o. Calculate the highest common factor of l and 5.
5
Suppose f = -0*f + 3*u - 5, -4*f = -3*u + 11. Let y be ((-1)/f)/((-3)/(588/7)). Let z be ((-7)/(y/66))/1. What is the highest common factor of z and 55?
11
Let f(u) = 11*u**2 - 48*u + 10. Let y be f(-12). Suppose -5*q + y = 2*i, 2*i + 2150 = 5*q - 0*i. What is the greatest common divisor of 27 and q?
27
Let x(r) = 3*r**2 - 6*r + 31. Let h = -115 - -122. Let f be x(h). Calculate the greatest common divisor of f and 17.
17
Let c be 6 + (6 - 6) + (20 - 12). What is the greatest common divisor of c and 64358?
14
Let y(p) be the first derivative of p**3/3 - 4*p**2 + 17*p - 2. Let j be y(6). Suppose -5*m = -2*m - 135. What is the greatest common factor of m and j?
5
Let i(l) = 148*l + 719. Let w be i(-4). Calculate the highest common divisor of w and 2.
1
Let b be 14 + 110 - (-165)/(-11). Calculate the greatest common divisor of 20492 and b.
109
Let h = -28 + 22. Let b be 1/(1*2/h). Let v be ((-36)/(-30))/(b/(-10)) + 7. Calculate the highest common divisor of 66 and v.
11
Let a = 81 - 19. Suppose -r + 2 = 0, 70 + 79 = 5*h - 3*r. Calculate the greatest common factor of a and h.
31
Let g = 52 - 14. Let t(h) = -2*h - 2. Let p(k) = 3*k + 2. Let c(a) = 3*p(a) + 2*t(a). Let o be c(11). Calculate the greatest common divisor of o and g.
19
Let a be -3*22*(-8)/48*3. Let d be (23/3)/(2/(-6)). Let l = a + d. What is the highest common factor of l and 15?
5
Let g be 71 + (10 - 9)*1*-1. Let p be (g - -3 - 2) + -1. What is the greatest common divisor of 60 and p?
10
Suppose 2970 = -199*o + 397*o. Calculate the highest common divisor of o and 1535.
5
Suppose 4*t + 2*k = 452, 2*t + 3*k = 138 + 92. Suppose -5*s + 152 = -r, -t = -4*s + 2*r - 6*r. What is the greatest common factor of s and 45?
15
Suppose 13*f - 8*f = 1350. Let q = -38 + 39. Let p = q + 29. Calculate the greatest common factor of f and p.
30
Suppose 4*a - 211 = -46*x + 43*x, -2*a + 11*x = -43. Let g = 501 + -60. What is the highest common factor of g and a?
49
Suppose 4560*y - 194 = 4559*y + 4*z, -3*z = 4*y - 738. Let f(v) = v**3 + 5*v**2 + v - 3. Let b be f(-3). Calculate the greatest common factor of b and y.
6
Let k(a) = -a**2 + 17*a - 67. Let x be k(9). Suppose 3*l + 12 = -4*w + 249, x*w - 273 = 4*l. Calculate the highest common divisor of w and 513.
57
Let a(q) = 550*q - 4871. Let n be a(9). Calculate the highest common divisor of 14141 and n.
79
Suppose 2*k - 2 = -2*c, 0 = 2*c - 5*k - 6 - 10. Let u(m) = 22*m + 1633 - 1637 - 4*m. Let j be u(c). Calculate the greatest common divisor of 125 and j.
25
Suppose 6*i + 4 = 10*i, 5*i = c - 574. Suppose 0 = -v + c + 231. What is the highest common divisor of v and 10?
10
Suppose -x + 4*c + 6 = 0, 4*x - 7 = x + c. Let p be 1316/49 - x/(-14). Let h be 81/(6 + -2 + -3). What is the highest common divisor of p and h?
27
Suppose -f - 2*q = 5, 0 = 2*f - 7*f - q + 20. Suppose 0 = -151*v + 126*v + 50. Let n be 11358/45 - v/f. Calculate the greatest common divisor of 36 and n.
36
Let r(l) = 9*l**2 + 71*l + 2. Let o be r(-31). What is the greatest common divisor of o and 75?
75
Let m(j) = -j**3 + 5*j - 11*j + 23*j**2 + 27 - 3*j**2 + 11*j + 39*j. Let c be m(22). Calculate the greatest common divisor of 972 and c.
27
Suppose -3*o - 1 = 2*k + 2, -5*o = -2*k + 37. Let p be 23/4 - 8/(-32). Suppose 8*v = -p*v + 84. What is the highest common factor of v and k?
6
Let h(k) = -3*k + 3. Let c be h(2). Let z be (-1)/c - (-95)/3. Let w(o) = 5*o**2 - 128*o - 485. Let t be w(29). Calculate the greatest common factor of z and t.
8
Let p = -144 + 86. Suppose 39*v = 1520 + 1366. Let m = v + p. What is the highest common factor of m and 32?
16
Let a be 10/(-18)*(-4038)/4 + (-3950)/4740. Calculate the highest common factor of 175 and a.
35
Let q = -30 - -404. Let d be (-6)/(-4) - ((-26)/(-4) - -1). Let a be -17*((d - 1) + 5). What is the greatest common divisor of q and a?
34
Let g = -8657 - -17532. Calculate the greatest common factor of 125 and g.
125
Let q be 18/3 - 0/(-5). Let x be (-3)/4*(-8 + q - 226). What is the greatest common factor of x and 285?
57
Suppose 0 = -b - 5*d + 33089, 30*d + 132356 = 4*b + 26*d. Calculate the highest common divisor of 58 and b.
29
Let l be 6/(-16) - ((-21495726)/336)/73. What is the greatest common divisor of l and 12?
12
Let d = -34 + 39. Let j(w) = -2*w**2 + 15 + d*w**2 - 10. Let h be j(-7). Calculate the highest common divisor of h and 19.
19
Suppose i = 3*m + 12, -28*i + 30*i + m = 45. What is the greatest common divisor of 357 and i?
21
Let u = -19 + 22. Suppose 0 = 3*d + 9, u*y - 806 = 4*d - 143. Let l be (-718)/(-24) + 1 - (-1)/12. What is the highest common factor of l and y?
31
Suppose -3*j - 4*l + 32 = 0, -j + 2 = -3*l - 13. Calculate the greatest common factor of j and 3184.
4
Let p(q) = -2*q**2 - 47*q - 17. Let b be p(-23). Let d(y) = -18*y + 130. Let u be d(b). Let j = 218 - 42. What is the highest common divisor of j and u?
22
Let p be 155/9 - (-6)/(-27). Let i(d) = d**3 + d**2 - 19*d + 187. Let z be i(0). Calculate the highest common factor of p and z.
17
Let o = 15 + 471. Let k = -61 + 115. What is the highest common divisor of k and o?
54
Let g = -487 - -490. Suppose -f - 8*u + g*u + 185 = 0, -2*u - 871 = -5*f. What is the greatest common divisor of f and 25?
25
Let a be 2 - 5 - (-228)/((-15)/5). Le